 8) to base 14.
154881
What is -32245246 (base 7) in base 5?
-1201012432
Convert 13332230020 (base 4) to base 12.
84a634
What is -10544244 (base 6) in base 7?
-2522263
a4dd2d (base 14) to base 13
1200473
What is 1200110122100 (base 3) in base 9?
1613570
130b009 (base 12) to base 3
21001121002100
8393b (base 12) to base 16
2a17f
Convert 225501 (base 6) to base 2.
100101111001101
Convert 59342d (base 15) to base 7.
51145141
2b94cc (base 13) to base 11
6764a1
Convert 64704a (base 12) to base 10.
1588090
What is 553963 (base 10) in base 3?
1001010220011
Convert -32111210 (base 4) to base 14.
-17588
Convert -1367 (base 8) to base 15.
-359
-4212440 (base 10) to base 8
-20043330
-1001011 (base 4) to base 13
-1b85
What is -321500 (base 10) in base 14?
-85244
What is 4047273 (base 10) in base 6?
222425213
167c6 (base 15) to base 7
421524
What is 111010111101110001101 (base 2) in base 14?
384205
What is 14197b (base 12) in base 11?
209680
-b90999 (base 16) to base 15
-10e8112
-79dd9 (base 14) to base 7
-2342662
What is 17160a (base 12) in base 8?
1406452
What is 5544224 (base 7) in base 11?
427478
-1212241304 (base 5) to base 14
-543888
What is 295713 (base 12) in base 5?
134201301
What is -41300 (base 5) in base 3?
-10201000
Convert 3123013311 (base 4) to base 3.
1200121011200
Convert -546530 (base 7) to base 9.
-155565
Convert -1211122212222 (base 3) to base 7.
-11210606
2210222210110 (base 3) to base 2
101101101001011001110
Convert -40523075 (base 8) to base 4.
-200222120331
-110202200201110 (base 3) to base 2
-11001111000011001010111
What is 1123031102 (base 4) in base 5?
43423321
Convert 2444144 (base 5) to base 4.
23123033
14737 (base 9) to base 13
4783
Convert -4124106 (base 10) to base 4.
-33232313022
Convert -238c4 (base 15) to base 2.
-11011101011001111
1141676 (base 8) to base 11
1a3668
Convert 1001101000011101111010 (base 2) to base 9.
4667641
What is -2115a3 (base 12) in base 2?
-1111111001100001011
-201445 (base 10) to base 8
-611345
-201013223 (base 4) to base 8
-410753
-293aba (base 13) to base 11
-629417
-495c78 (base 13) to base 11
-a99898
1191 (base 11) to base 7
4345
Convert 62985 (base 16) to base 11.
256462
What is -34a8b (base 13) in base 9?
-156053
Convert -41b103 (base 12) to base 4.
-3330233103
-18c04e (base 15) to base 7
-13145654
What is -2044350 (base 6) in base 13?
-36399
What is -13a9a4 (base 11) in base 4?
-311211133
Convert -3071366 (base 10) to base 5.
-1241240431
Convert 6a66 (base 12) to base 16.
2e6e
Convert 2411620 (base 7) to base 13.
a9120
What is -23355525 (base 7) in base 16?
-1f8036
Convert -20012000 (base 5) to base 4.
-212113011
-170683 (base 9) to base 14
-2a665
-8dd61 (base 15) to base 5
-103430031
What is 10005655 (base 8) in base 5?
1014201031
Convert 241041622 (base 7) to base 16.
e42500
Convert 40286 (base 12) to base 11.
57679
Convert -7407 (base 10) to base 11.
-5624
-3665372 (base 11) to base 9
-12887118
1b31b (base 13) to base 16
d00b
-105a474 (base 13) to base 9
-10348201
Convert -21212102100 (base 3) to base 10.
-154854
Convert 70044 (base 10) to base 4.
101012130
What is 4641752 (base 10) in base 4?
101231033120
Convert a1c6b (base 13) to base 3.
112201200221
-eee2e (base 15) to base 14
-15a962
2b9dc (base 15) to base 14
39355
What is 499965 (base 10) in base 5?
111444330
What is -ee589 (base 15) in base 9?
-1373673
-30010031011 (base 4) to base 14
-5c496d
3445231 (base 6) to base 14
48935
What is 603ac (base 14) in base 3?
102202012022
Convert 25454254 (base 6) to base 9.
1506787
What is -6751060 (base 9) in base 12?
-1273b09
What is 3211013021 (base 4) in base 12?
3930b5
-3410435 (base 7) to base 14
-b011c
What is a7c7 (base 13) in base 15?
6d96
-10011011110101101000011 (base 2) to base 15
-6ad084
What is c0444 (base 13) in base 8?
1236650
What is 10001110000000 (base 2) in base 5?
242323
12101121100 (base 3) to base 8
317242
Convert -120110112202212 (base 3) to base 5.
-4100443310
-43103414 (base 5) to base 6
-11440252
What is 1768828 (base 9) in base 13?
288bb4
What is -24411230 (base 5) in base 6?
-4550213
What is 3122100330 (base 4) in base 8?
3322074
101000111011101110001000 (base 2) to base 10
10730376
What is -322112212 (base 4) in base 5?
-30122024
-c5d1 (base 14) to base 13
-12695
-1862533 (base 11) to base 10
-3151118
Convert 1342535 (base 6) to base 12.
37a4b
Convert -4262342 (base 7) to base 11.
-325324
Convert 592c (base 13) to base 10.
12544
What is -8a3880 (base 12) in base 10?
-2204448
-160462434 (base 7) to base 15
-e31950
Convert 292989 (base 14) to base 6.
50342353
Convert 1353571 (base 8) to base 2.
1011101011101111001
Convert 2003001233 (base 4) to base 14.
dd82b
Convert -1110011222002 (base 3) to base 13.
-210086
-1182102 (base 12) to base 3
-20101221211102
What is 2022111022 (base 3) in base 8?
130765
10855 (base 14) to base 15
bd09
What is -10002043 (base 8) in base 5?
-1014120321
1001011110010000011 (base 2) to base 7
2431652
What is -4313131 (base 5) in base 2?
-10001110011010100
Convert 10165604 (base 8) to base 5.
1023014234
What is -1100110001100110010 (base 2) in base 10?
-418610
-30332111311 (base 4) to base 13
-921094
100102122221 (base 3) to base 12
8b52a
What is -83369 (base 11) in base 13?
-43439
Convert -4dba78 (base 15) to base 9.
-7022545
Convert 13240423 (base 5) to base 7.
1065162
-130777 (base 8) to base 15
-d77c
Convert 401644 (base 8) to base 6.
2455044
What is -3983570 (base 10) in base 11?
-2280a08
What is 51880b0 (base 12) in base 2?
111010100101101010000100
What is 410110003 (base 5) in base 3?
10002112122220
6967d (base 15) to base 5
41214333
476624 (base 9) to base 3
112120200211
Convert -15a4389 (base 11) to base 8.
-12322062
2f0421 (base 16) to base 12
1047169
What is 22662642 (base 7) in base 4?
13213330302
What is -14a01 (base 13) in base 4?
-21202000
What is -7a19c3 (base 15) in base 4?
-112032232002
-201130001 (base 4) to base 3
-20221212122
What is 2154791 (base 12) in base 16?
60a05d
What is 123502351 (base 6) in base 9?
4486104
What is b60a4 (base 12) in base 8?
721774
-44246 (base 15) to base 3
-102000000010
Convert 8d606 (base 14) to base 7.
2632306
-331301000 (base 5) to base 7
-15111051
Convert 62051426 (base 7) to base 12.
18a2b68
Convert -141231 (base 8) to base 2.
-1100001010011001
6b7a0 (base 13) to base 7
1446616
Convert 101444101 (base 5) to base 7.
3404445
-1436b97 (base 14) to base 6
-550211013
What is -110101000110110000001 (base 2) in base 11?
-a89455
What is 15303230 (base 6) in base 4?
2003023002
What is -425946 (base 14) in base 8?
-10436132
14836 (base 14) to base 13
1a2a9
-1063676 (base 8) to base 10
-288702
Convert -1054022 (base 9) to base 4.
-2022132032
-11505bc (base 14) to base 8
-37405752
What is -279d49 (base 14) in base 2?
-101001110111011011101
What is -21651652 (base 7) in base 8?
-7124360
What is -101111110100010100 (base 2) in base 9?
-327602
Convert 105a692 (base 11) to base 14.
36562b
Convert 120111220012100 (base 3) to base 15.
acd009
What is 14356 (base 14) in base 7?
265636
What is -1112122101 (base 4) in base 15?
-6ed0c
What is 1002131301 (base 4) in base 5?
32202431
-203045203 (base 6) to base 12
-1210803
-111103100020 (base 4) to base 9
-11450571
Convert 141921 (base 11) to base 2.
110110001101101010
322230021 (base 4) to base 5
30143033
-1876476 (base 9) to base 12
-42a313
Convert 10000111101111110 (base 2) to base 13.
25834
Convert 13503215 (base 7) to base 4.
10310001200
Convert -137766 (base 8) to base 9.
-74362
Convert -6b2d1c (base 15) to base 10.
-5122827
What is 1111010011200 (base 3) in base 13?
218550
307db4 (base 15) to base 4
20302231030
993329 (base 10) to base 15
1494be
Convert -545065 (base 9) to base 8.
-1173111
What is -11011001001010100 (base 2) in base 11?
-765a0
What is 5466a (base 11) in base 3?
11000211012
Convert 328a2 (base 15) to base 14.
4273b
Convert -104a619 (base 11) to base 13.
-4c7541
532775 (base 8) to base 13
62b33
Convert 243234324 (base 5) to base 8.
4304633
Convert 311430 (base 5) to base 11.
776a
-42134010 (base 5) to base 15
-6d73a
36a122 (base 13) to base 14
260668
What is -208dc1 (base 15) in base 5?
-344030411
Convert 2121102202111 (base 3) to base 2.
101010010011110001110
144303352 (base 7) to base 10
9581203
31e5c8 (base 16) to base 6
154031144
What is